*o**2 + 267*o - 171. What is m(-54)?
-9
Let s(n) = n**3 + 113*n**2 - 205*n + 2878. Determine s(-115).
3
Let b(g) = -3*g**2 + 452*g - 12381. What is b(36)?
3
Let p(k) = 3*k**2 - 141*k + 333. Calculate p(44).
-63
Let q(k) = 138*k - 1865. Give q(14).
67
Let j(l) = -l**3 - 7*l**2 - 22*l + 11. Give j(0).
11
Let d(k) = 15*k - 559. Give d(15).
-334
Let f(h) = 1477*h - 1609. Determine f(1).
-132
Let i(q) = -q**2 - 54*q - 415. What is i(-9)?
-10
Let n(j) = -397*j - 445. Calculate n(-2).
349
Let u(r) = r**3 - 9*r**2 - 39*r - 36. Calculate u(-4).
-88
Let w(d) = d**3 - 53*d**2 - 53*d - 34. Calculate w(54).
20
Let r(m) = -10*m + 259. Give r(14).
119
Let o(h) = -13*h**2 + 1222*h + 25. Determine o(94).
25
Let w(z) = -z**2 - 3*z - 29. Determine w(-17).
-267
Let b(v) = v**3 + 2*v**2 - 6*v + 10. What is b(-6)?
-98
Let l(u) = 5*u**2 - 82*u - 53. Determine l(17).
-2
Let s(k) = k**3 - 19*k**2 + 11*k + 61. What is s(18)?
-65
Let h(l) = -l**2 + 49*l - 315. Give h(41).
13
Let q(x) = x**3 - 188*x**2 - 350*x - 5722. Determine q(190).
-22
Let f(a) = 67*a - 968. Calculate f(15).
37
Let n(o) = o**3 - 2*o**2 + 4*o - 79. Give n(0).
-79
Let u(h) = -h**2 + 17*h + 76. Give u(21).
-8
Let r(n) = -7*n**3 - 60*n**2 + 56*n + 135. What is r(-9)?
-126
Let m(z) = -619*z + 24144. Calculate m(39).
3
Let b(k) = k**3 - 2*k**2 - 71*k + 197. Determine b(3).
-7
Let t(r) = 147*r - 883. Calculate t(6).
-1
Let n(q) = -q**2 - 56*q + 123. Give n(-55).
178
Let s(v) = v**3 + 42*v**2 + 80*v - 16. Determine s(-40).
-16
Let f(t) = t**2 + 3*t + 43. Determine f(-6).
61
Let x(v) = -14*v**2 - 262*v - 780. Determine x(-3).
-120
Let h(d) = 2*d**2 - 218*d - 2472. Give h(119).
-92
Let i(k) = -k**2 + 9*k - 10. Calculate i(12).
-46
Let a(z) = 386*z - 22386. What is a(58)?
2
Let q(a) = -a**3 + 2*a**2 + 4*a + 28. Calculate q(0).
28
Let k(s) = s**3 + 2*s**2 - 10*s + 26. Give k(-7).
-149
Let y(c) = 2*c**3 - c**2 + 12*c + 3. Determine y(-4).
-189
Let t(x) = -1232*x - 1228. Give t(-1).
4
Let k(c) = -70*c + 10. Give k(2).
-130
Let k(i) = -24*i - 250. Give k(-8).
-58
Let u(c) = 16*c + 847. Determine u(-53).
-1
Let r(x) = x**3 + 7*x**2 + x - 4. Calculate r(-6).
26
Let u(q) = -4*q**3 + 147*q**2 + 27*q + 346. Calculate u(37).
-24
Let q(v) = 15*v**3 + 53*v + 118. Determine q(-2).
-108
Let w(s) = 3884*s + 15532. Calculate w(-4).
-4
Let q(u) = -50*u + 212. Determine q(9).
-238
Let q(k) = 2*k**2 + 137*k - 650. Determine q(-73).
7
Let f(s) = 17*s + 745. Give f(-43).
14
Let z(l) = -2*l**3 - 97*l**2 - 230*l + 5. Calculate z(-46).
5
Let j(y) = y**2 - 566*y + 6108. Determine j(11).
3
Let a(b) = -271*b + 2050. What is a(8)?
-118
Let u(v) = -23*v**2 - v + 20. Determine u(3).
-190
Let z(s) = -2*s**2 - 50*s + 22. Determine z(-25).
22
Let u(r) = r**3 + 12*r**2 + 67*r + 406. Calculate u(-7).
182
Let f(b) = 2425*b + 65460. Give f(-27).
-15
Let y(u) = u**2 + 151*u + 4583. Give y(-109).
5
Let h(y) = -y**3 + 33*y**2 - 32*y - 2. Calculate h(32).
-2
Let r(c) = -6*c**2 + 41*c + 5. Give r(7).
-2
Let i(h) = -h**3 - 59*h**2 - 19*h + 2367. What is i(-58)?
105
Let r(b) = 11*b**2 - 310*b + 56. Calculate r(28).
0
Let v(l) = l**2 - 19*l + 85. What is v(8)?
-3
Let k(a) = 2*a**2 - 19*a + 122. What is k(13)?
213
Let q(j) = 9*j**2 + 26*j + 16. Give q(-1).
-1
Let r(m) = -m**2 - 328*m - 1296. What is r(-4)?
0
Let c(s) = s**2 - s. What is c(12)?
132
Let v(c) = -c**2 + 85*c - 326. Determine v(4).
-2
Let c(n) = 145*n - 342. What is c(3)?
93
Let y(z) = -z**3 + 7*z**2 - 13*z + 38. Calculate y(6).
-4
Let w(r) = 18*r - 77. What is w(11)?
121
Let a(u) = -39*u + 3208. Calculate a(82).
10
Let k(p) = -135*p - 295. What is k(3)?
-700
Let a(d) = d**2 - 2703*d - 29867. What is a(-11)?
-13
Let w(m) = -72*m + 4310. Give w(60).
-10
Let h(k) = -2*k**3 + 21*k**2 - 42*k + 36. What is h(12)?
-900
Let m(g) = 4*g**3 - 32*g**2 - 43*g + 72. Determine m(9).
9
Let l(o) = -o**2 - 652*o - 4535. Give l(-7).
-20
Let k(j) = -j**3 - 9*j**2 + 8*j - 240. Determine k(0).
-240
Let a(y) = 4*y + 16. What is a(1)?
20
Let o(r) = -231*r - 2938. What is o(-13)?
65
Let p(y) = -y**2 - 3*y + 109. Give p(10).
-21
Let v(d) = d**3 - 58*d**2 + 353*d + 172. Determine v(51).
-32
Let b(d) = -9*d**3 - 301*d**2 - 126*d + 193. Calculate b(-33).
-5
Let q(n) = -2*n + 80. Give q(-25).
130
Let v(p) = p**3 - 5*p**2 + 9*p - 12. Determine v(6).
78
Let b(s) = 4*s + 22. What is b(-25)?
-78
Let y(r) = -6*r**2 - 11*r + 47. Give y(-6).
-103
Let i(t) = t**3 - 23*t**2 - 475*t + 35. What is i(-14)?
-567
Let l(f) = -29*f - 55. What is l(-1)?
-26
Let a(k) = k**2 - 14*k - 12. Determine a(-10).
228
Let r(m) = m**2 + 11*m + 42. What is r(-18)?
168
Let q(d) = -d**2 + 79*d - 889. What is q(14)?
21
Let u(l) = -31*l - 4653. Give u(-148).
-65
Let x(h) = h**2 - 6*h - 294. Give x(15).
-159
Let b(g) = 6*g + 59. What is b(-17)?
-43
Let m(b) = b**2 - 166*b - 511. Determine m(-3).
-4
Let c(i) = -i**3 + 36*i**2 - 67*i + 1122. Determine c(35).
2
Let t(f) = f**3 - 30*f**2 + 30*f - 25. What is t(29)?
4
Let u(m) = 3*m**2 - 56*m + 199. Determine u(18).
163
Let f(b) = 2*b**3 + 69*b**2 - 17*b + 99. Calculate f(-35).
-531
Let t(f) = f**2 + 74*f + 602. Give t(-60).
-238
Let i(o) = -o**2 + 51*o + 163. What is i(-4)?
-57
Let w(a) = 6*a**2 - 76*a + 242. Determine w(4).
34
Let g(c) = 3*c**2 - 65*c - 24. Give g(21).
-66
Let m(v) = 8*v**2 - 128*v - 5. Calculate m(16).
-5
Let b(l) = 56*l + 58. What is b(-1)?
2
Let v(x) = x + 68. What is v(-62)?
6
Let u(z) = 48*z**2 - 21*z + 29. Give u(3).
398
Let s(p) = 139*p + 990. What is s(-7)?
17
Let f(c) = -508*c - 27023. Determine f(-53).
-99
Let c(s) = -83*s - 178. Give c(-1).
-95
Let q(m) = m**3 + 14*m**2 - 30*m + 28. Determine q(-15).
253
Let a(u) = -u**2 + 8*u + 148. Give a(-9).
-5
Let h(k) = 2*k**2 - 5*k - 40. Give h(-11).
257
Let s(l) = 3*l**2 + 134*l + 1454. Give s(-26).
-2
Let p(h) = h**3 + 17*h**2 + 9*h + 734. Determine p(-19).
-159
Let q(f) = 3*f**3 - 6*f**2 - 12*f + 17. Calculate q(3).
8
Let o(g) = -2*g**3 + 9*g**2 - 36*g + 133. Give o(4).
5
Let i(t) = t**3 - 17*t**2 + 57*t + 114. What is i(8)?
-6
Let c(b) = -b**3 - 14*b**2 - 49*b - 40. Calculate c(-9).
-4
Let s(z) = -817*z + 5729. What is s(7)?
10
Let d(o) = -o**3 - 10*o**2 + 51*o - 38. Calculate d(3).
-2
Let b(s) = -3*s**3 - 9*s - 13. Determine b(-3).
95
Let r(b) = -b**2 + 6*b + 122. Calculate r(0).
122
Let m(j) = -57*j**2 - 855*j + 2. Calculate m(-15).
2
Let r(u) = -77*u - 9212. Calculate r(-119).
-49
Let h(m) = 3*m**3 - 19*m**2 + 140*m - 439. Determine h(4).
9
Let c(x) = x**2 - 67*x + 267. Calculate c(4).
15
Let y(w) = w**3 + 12*w**2 - 5*w - 67. Determine y(-12).
-7
Let p(s) = 150*s + 5690. Give p(-38).
-10
Let m(t) = 111*t + 363. Calculate m(-4).
-81
Let d(f) = -247*f**3 - f**2 + 3*f - 2. Give d(1).
-247
Let p(b) = b**3 + 61*b**2 - 192*b + 1. Give p(-64).
1
Let o(x) = 6*x - 143. Determine o(20).
-23
Let a(k) = 2*k**3 - 2*k**2 - 2*k - 16. What is a(0)?
-16
Let m(d) = -200*d**2 - 3010*d - 148. What is m(-15)?
2
Let z(u) = -75*u + 4727. Determine z(63).
2
Let j(z) = 2*z**2 - 24*z - 20. What is j(8)?
-84
Let o(a) = -328*a - 2123. Calculate o(-6).
-155
Let a(r) = -1867*r + 22400. Determine a(12).
-4
Let m(b) = 2*b**2 - 60*b - 1264. Determine m(-16).
208
Let g(n) = n**3 - 2*n**2 + 7*n + 26. Calculate g(-4).
-98
Let f(k) = -k**3 + 122*k**2 + 121*k + 253. Calculate f(123).
7
Let g(k) = -170*k - 299. What is g(-2)?
41
Let x(v) = 4*v**2 + 131*v + 1136. Calculate x(-15).
71
Let q(n) = -18*n**2 + 117*n + 18. Give q(7).
-45
Let v(w) = w**2 - 50*w - 192. Determine v(62).
552
Let l(u) = -122*u - 759. Calculate l(-7).
95
Let x(s) = -2*s**3 - s**2 + 3*s - 373. Calculate x(0).
-373
Let h(u) = -3*u**3 + 54*u**2 + 17*u + 6. Calculate h(18).
312
Let h(x) = -3*x**2 - 13*x - 88. What is h(-9)?
-214
Let n(d) = -3*d**3 - 41*d**2 - 26*d - 5. Calculate n(-13).
-5
Let n(b) = -14*b**2 + 49*b - 5. What is n(3)?
16
Let t(x) = x**2 + 3*x + 1. Calculate t(0).
1
Let r(i) = i**2 + 10*i - 53. Give r(-15).
22
Let l(p) = -p**2 - 50*p + 471. Calculate l(8).
7
Let p(r) = -r**3 + 11*r**2 + 43*r - 41. What is p(14)?
-27
Let s(l) = l**2 + 10*l - 964. What is s(-37)?
35
Let m(z) = -2*z**2 + 13*z + 2840. Calculate m(41).
11
Let p(o) = -o**3 - 16*o**2 - 26*o - 301. Determine p(-15).
-136
Let w(m) = 3*m**2 + 168*m - 524. Determine w(-59).
7
Let q(r) = 4*r + 15. Determine q(5).
35
Let f(n) = -17*